{"id":75,"date":"2025-05-06T18:43:25","date_gmt":"2025-05-06T18:43:25","guid":{"rendered":"https:\/\/programadevisita.com.br\/visitasvw\/?page_id=75"},"modified":"2025-12-15T11:42:36","modified_gmt":"2025-12-15T14:42:36","slug":"calendario","status":"publish","type":"page","link":"https:\/\/programadevisita.com.br\/visitasvw\/","title":{"rendered":"Calend\u00e1rio"},"content":{"rendered":"\n<h4 class=\"wp-block-heading\"><font style=\"vertical-align: inherit;\"><font style=\"vertical-align: inherit;\">Selecione a data e o hor\u00e1rio de sua prefer\u00eancia<\/font><\/font><\/h4>\n\n\n\n<p class=\"escondernao has-cyan-bluish-gray-background-color has-background has-medium-font-size\" style=\"border-radius:10px\">Temos o prazer de informar que <strong>as datas de visita para 2026 j\u00e1 est\u00e3o abertas<\/strong>. Caso tenha interesse em receber informa\u00e7\u00f5es em primeira m\u00e3o sobre a disponibilidade ou integrar nossa lista de espera, pedimos a gentileza de enviar um e-mail para <strong>visitasvw@programadevisita.com.br<\/strong> com o assunto <strong>LISTA DE ESPERA<\/strong>, informando seu nome e contato.<\/p>\n\n\n\n<p class=\"escondernao has-cyan-bluish-gray-background-color has-background has-medium-font-size\" style=\"border-radius:10px\"><\/p>\n\n\n\n<div style=\"height:20px\" aria-hidden=\"true\" class=\"wp-block-spacer\"><\/div>\n\n\n\n<div class=\"wp-block-columns is-layout-flex wp-container-core-columns-is-layout-28f84493 wp-block-columns-is-layout-flex\">\n<div class=\"wp-block-column is-layout-flow wp-block-column-is-layout-flow\"><div id='fooevents_calendar' class=\"fooevents_calendar\" style=\"clear:both\"><\/div>\r\n<script>\r\ndocument.addEventListener(\"DOMContentLoaded\", (event) => {\r\n    (function($) {\r\n        var localObj = '{\\\"firstDay\\\":\\\"1\\\",\\\"defaultView\\\":\\\"listYear\\\",\\\"limitEvents\\\":false,\\\"numberOfEvents\\\":10,\\\"id\\\":\\\"fooevents_calendar\\\",\\\"weekends\\\":true,\\\"post\\\":\\\"\\\",\\\"include_cat\\\":\\\"inscricao-individual,inscricao-de-grupos,colaborador\\\",\\\"timeFormat\\\":\\\"H:mm\\\",\\\"locale\\\":\\\"pt_BR\\\",\\\"buttonText\\\":{\\\"today\\\":\\\"Today\\\"},\\\"events\\\":[{\\\"color\\\":\\\"#557dbd\\\",\\\"textColor\\\":\\\"#ffffff\\\",\\\"in_stock\\\":\\\"yes\\\"},{\\\"color\\\":\\\"#557dbd\\\",\\\"textColor\\\":\\\"#ffffff\\\",\\\"in_stock\\\":\\\"yes\\\"},{\\\"color\\\":\\\"#557dbd\\\",\\\"textColor\\\":\\\"#ffffff\\\",\\\"in_stock\\\":\\\"yes\\\"},{\\\"color\\\":\\\"#557dbd\\\",\\\"textColor\\\":\\\"#ffffff\\\",\\\"in_stock\\\":\\\"yes\\\"},{\\\"color\\\":\\\"#557dbd\\\",\\\"textColor\\\":\\\"#ffffff\\\",\\\"in_stock\\\":\\\"yes\\\"},{\\\"color\\\":\\\"#557dbd\\\",\\\"textColor\\\":\\\"#ffffff\\\",\\\"in_stock\\\":\\\"yes\\\"},{\\\"color\\\":\\\"#557dbd\\\",\\\"textColor\\\":\\\"#ffffff\\\",\\\"in_stock\\\":\\\"yes\\\"},{\\\"color\\\":\\\"#557dbd\\\",\\\"textColor\\\":\\\"#ffffff\\\",\\\"in_stock\\\":\\\"yes\\\"},{\\\"color\\\":\\\"#557dbd\\\",\\\"textColor\\\":\\\"#ffffff\\\",\\\"in_stock\\\":\\\"yes\\\"},{\\\"color\\\":\\\"#557dbd\\\",\\\"textColor\\\":\\\"#ffffff\\\",\\\"in_stock\\\":\\\"yes\\\"},{\\\"color\\\":\\\"#557dbd\\\",\\\"textColor\\\":\\\"#ffffff\\\",\\\"in_stock\\\":\\\"yes\\\"},{\\\"color\\\":\\\"#557dbd\\\",\\\"textColor\\\":\\\"#ffffff\\\",\\\"in_stock\\\":\\\"yes\\\"},{\\\"color\\\":\\\"#557dbd\\\",\\\"textColor\\\":\\\"#ffffff\\\",\\\"in_stock\\\":\\\"yes\\\"},{\\\"color\\\":\\\"#557dbd\\\",\\\"textColor\\\":\\\"#ffffff\\\",\\\"in_stock\\\":\\\"yes\\\"},{\\\"color\\\":\\\"#557dbd\\\",\\\"textColor\\\":\\\"#ffffff\\\",\\\"in_stock\\\":\\\"yes\\\"},{\\\"color\\\":\\\"#557dbd\\\",\\\"textColor\\\":\\\"#ffffff\\\",\\\"in_stock\\\":\\\"yes\\\"}]}';\r\n        var settings = JSON.parse(localObj);    \r\n        if( jQuery('#'+settings.id).length ) {\r\n            jQuery('#'+settings.id).fullCalendar(settings);\r\n        }\r\n    })(jQuery);\r\n});\r\n<\/script>\r\n<\/div>\n\n\n\n<div class=\"wp-block-column is-layout-flow wp-block-column-is-layout-flow\">\n<figure class=\"wp-block-image size-full\"><img fetchpriority=\"high\" decoding=\"async\" width=\"1440\" height=\"960\" src=\"https:\/\/programadevisita.com.br\/visitasvw\/wp-content\/uploads\/2025\/06\/PDD_6324-2.jpg\" alt=\"\" class=\"wp-image-563\" srcset=\"https:\/\/programadevisita.com.br\/visitasvw\/wp-content\/uploads\/2025\/06\/PDD_6324-2.jpg 1440w, https:\/\/programadevisita.com.br\/visitasvw\/wp-content\/uploads\/2025\/06\/PDD_6324-2-300x200.jpg 300w, https:\/\/programadevisita.com.br\/visitasvw\/wp-content\/uploads\/2025\/06\/PDD_6324-2-1024x683.jpg 1024w, https:\/\/programadevisita.com.br\/visitasvw\/wp-content\/uploads\/2025\/06\/PDD_6324-2-768x512.jpg 768w, https:\/\/programadevisita.com.br\/visitasvw\/wp-content\/uploads\/2025\/06\/PDD_6324-2-600x400.jpg 600w\" sizes=\"(max-width: 1440px) 100vw, 1440px\" \/><\/figure>\n<\/div>\n<\/div>\n\n\n\n<blockquote class=\"wp-block-quote is-layout-flow wp-block-quote-is-layout-flow\">\n<p><\/p>\n<\/blockquote>\n\n\n\n<blockquote class=\"wp-block-quote is-layout-flow wp-block-quote-is-layout-flow\">\n<p><\/p>\n<\/blockquote>\n\n\n\n<p><\/p>\n","protected":false},"excerpt":{"rendered":"<p>Selecione a data e o hor\u00e1rio de sua prefer\u00eancia Temos o prazer de informar que as datas de visita para 2026 j\u00e1 est\u00e3o abertas. Caso tenha interesse em receber informa\u00e7\u00f5es em primeira m\u00e3o sobre a disponibilidade ou integrar nossa lista de espera, pedimos a gentileza de enviar um e-mail para visitasvw@programadevisita.com.br com o assunto LISTA [&hellip;]<\/p>\n","protected":false},"author":1,"featured_media":0,"parent":0,"menu_order":0,"comment_status":"closed","ping_status":"closed","template":"","meta":{"footnotes":""},"class_list":["post-75","page","type-page","status-publish","hentry"],"_links":{"self":[{"href":"https:\/\/programadevisita.com.br\/visitasvw\/wp-json\/wp\/v2\/pages\/75","targetHints":{"allow":["GET"]}}],"collection":[{"href":"https:\/\/programadevisita.com.br\/visitasvw\/wp-json\/wp\/v2\/pages"}],"about":[{"href":"https:\/\/programadevisita.com.br\/visitasvw\/wp-json\/wp\/v2\/types\/page"}],"author":[{"embeddable":true,"href":"https:\/\/programadevisita.com.br\/visitasvw\/wp-json\/wp\/v2\/users\/1"}],"replies":[{"embeddable":true,"href":"https:\/\/programadevisita.com.br\/visitasvw\/wp-json\/wp\/v2\/comments?post=75"}],"version-history":[{"count":45,"href":"https:\/\/programadevisita.com.br\/visitasvw\/wp-json\/wp\/v2\/pages\/75\/revisions"}],"predecessor-version":[{"id":2571,"href":"https:\/\/programadevisita.com.br\/visitasvw\/wp-json\/wp\/v2\/pages\/75\/revisions\/2571"}],"wp:attachment":[{"href":"https:\/\/programadevisita.com.br\/visitasvw\/wp-json\/wp\/v2\/media?parent=75"}],"curies":[{"name":"wp","href":"https:\/\/api.w.org\/{rel}","templated":true}]}}

Calendário

<h4 class="wp-block-heading"><font style="vertical-align: inherit;"><font style="vertical-align: inherit;">Selecione a data e o horário de sua preferência</font></font></h4>



<p class="escondernao has-cyan-bluish-gray-background-color has-background has-medium-font-size" style="border-radius:10px">Temos o prazer de informar que <strong>as datas de visita para 2026 já estão abertas</strong>. Caso tenha interesse em receber informações em primeira mão sobre a disponibilidade ou integrar nossa lista de espera, pedimos a gentileza de enviar um e-mail para <strong>visitasvw@programadevisita.com.br</strong> com o assunto <strong>LISTA DE ESPERA</strong>, informando seu nome e contato.</p>



<p class="escondernao has-cyan-bluish-gray-background-color has-background has-medium-font-size" style="border-radius:10px"></p>



<div style="height:20px" aria-hidden="true" class="wp-block-spacer"></div>



<div class="wp-block-columns is-layout-flex wp-container-core-columns-is-layout-28f84493 wp-block-columns-is-layout-flex">
<div class="wp-block-column is-layout-flow wp-block-column-is-layout-flow"><div id='fooevents_calendar' class="fooevents_calendar" style="clear:both"></div>
<script>
document.addEventListener("DOMContentLoaded", (event) => {
    (function($) {
        var localObj = '{\"firstDay\":\"1\",\"defaultView\":\"listYear\",\"limitEvents\":false,\"numberOfEvents\":10,\"id\":\"fooevents_calendar\",\"weekends\":true,\"post\":\"\",\"include_cat\":\"inscricao-individual,inscricao-de-grupos,colaborador\",\"timeFormat\":\"H:mm\",\"locale\":\"pt_BR\",\"buttonText\":{\"today\":\"Today\"},\"events\":[{\"color\":\"#557dbd\",\"textColor\":\"#ffffff\",\"in_stock\":\"yes\"},{\"color\":\"#557dbd\",\"textColor\":\"#ffffff\",\"in_stock\":\"yes\"},{\"color\":\"#557dbd\",\"textColor\":\"#ffffff\",\"in_stock\":\"yes\"},{\"color\":\"#557dbd\",\"textColor\":\"#ffffff\",\"in_stock\":\"yes\"},{\"color\":\"#557dbd\",\"textColor\":\"#ffffff\",\"in_stock\":\"yes\"},{\"color\":\"#557dbd\",\"textColor\":\"#ffffff\",\"in_stock\":\"yes\"},{\"color\":\"#557dbd\",\"textColor\":\"#ffffff\",\"in_stock\":\"yes\"},{\"color\":\"#557dbd\",\"textColor\":\"#ffffff\",\"in_stock\":\"yes\"},{\"color\":\"#557dbd\",\"textColor\":\"#ffffff\",\"in_stock\":\"yes\"},{\"color\":\"#557dbd\",\"textColor\":\"#ffffff\",\"in_stock\":\"yes\"},{\"color\":\"#557dbd\",\"textColor\":\"#ffffff\",\"in_stock\":\"yes\"},{\"color\":\"#557dbd\",\"textColor\":\"#ffffff\",\"in_stock\":\"yes\"},{\"color\":\"#557dbd\",\"textColor\":\"#ffffff\",\"in_stock\":\"yes\"},{\"color\":\"#557dbd\",\"textColor\":\"#ffffff\",\"in_stock\":\"yes\"},{\"color\":\"#557dbd\",\"textColor\":\"#ffffff\",\"in_stock\":\"yes\"},{\"color\":\"#557dbd\",\"textColor\":\"#ffffff\",\"in_stock\":\"yes\"}]}';
        var settings = JSON.parse(localObj);    
        if( jQuery('#'+settings.id).length ) {
            jQuery('#'+settings.id).fullCalendar(settings);
        }
    })(jQuery);
});
</script>
</div>



<div class="wp-block-column is-layout-flow wp-block-column-is-layout-flow">
<figure class="wp-block-image size-full"><img fetchpriority="high" decoding="async" width="1440" height="960" src="https://programadevisita.com.br/visitasvw/wp-content/uploads/2025/06/PDD_6324-2.jpg" alt="" class="wp-image-563" srcset="https://programadevisita.com.br/visitasvw/wp-content/uploads/2025/06/PDD_6324-2.jpg 1440w, https://programadevisita.com.br/visitasvw/wp-content/uploads/2025/06/PDD_6324-2-300x200.jpg 300w, https://programadevisita.com.br/visitasvw/wp-content/uploads/2025/06/PDD_6324-2-1024x683.jpg 1024w, https://programadevisita.com.br/visitasvw/wp-content/uploads/2025/06/PDD_6324-2-768x512.jpg 768w, https://programadevisita.com.br/visitasvw/wp-content/uploads/2025/06/PDD_6324-2-600x400.jpg 600w" sizes="(max-width: 1440px) 100vw, 1440px" /></figure>
</div>
</div>



<blockquote class="wp-block-quote is-layout-flow wp-block-quote-is-layout-flow">
<p></p>
</blockquote>



<blockquote class="wp-block-quote is-layout-flow wp-block-quote-is-layout-flow">
<p></p>
</blockquote>



<p></p>

<p>Selecione a data e o horário de sua preferência Temos o prazer de informar que as datas de visita para 2026 já estão abertas. Caso tenha interesse em receber informações em primeira mão sobre a disponibilidade ou integrar nossa lista de espera, pedimos a gentileza de enviar um e-mail para visitasvw@programadevisita.com.br com o assunto LISTA [&hellip;]</p>
